 k(l). Let i(r) = 3*r + 4. Is i(b) a composite number?
False
Let v(n) = 24*n**2 + n - 1. Is v(-4) a composite number?
False
Let l = 2762 + -1165. Is l a composite number?
False
Let n(c) = 6*c - 8 + 4*c + 1 - c**2. Let d be n(9). Is 15*(-1 + d + 0) a composite number?
True
Let k(d) = 2*d + 1. Let y be k(1). Let h(v) = -v**3 + 2*v**2 + 3*v + 1. Let f(b) = 3*b**3 - 7*b**2 - 9*b - 2. Let u(i) = -2*f(i) - 7*h(i). Is u(y) composite?
True
Let x = -5 + 3. Let j = x - 4. Is 3/j - 126/(-4) prime?
True
Let h = -2 + 6. Suppose 0 = -4*l + 3*l - 5*m + 167, 4*m - 588 = -h*l. Is l a composite number?
True
Let c be (-27 + 0)*(-4 + 3). Let v be 356/(-6)*(-24)/16. Let u = v - c. Is u composite?
True
Let f(n) = 184*n**2 - 10*n + 9. Is f(4) prime?
False
Let x(v) be the third derivative of 58*v**5/15 - v**4/12 - v**3/6 - 7*v**2. Let j(r) = r + 4. Let t be j(-5). Is x(t) a prime number?
True
Let q(j) = -36*j**3 - 2*j**2 - 4*j + 1. Let c(k) = 71*k**3 + 4*k**2 + 9*k - 3. Let y(r) = -4*c(r) - 9*q(r). Is y(2) composite?
False
Is ((-28)/8)/((-2)/4) composite?
False
Let d(f) = -f + 11*f**2 + 3 - 2 - 4 + 2*f. Let u be d(-3). Suppose -2*z = -o + 99, -o + u = -z + 5*z. Is o prime?
True
Suppose -2*g + 3*c = -34, 183 - 48 = 5*g + 5*c. Let i = g - -8. Is i a composite number?
False
Suppose -116 = -6*j + 5*j. Suppose -v = 4*t + 57, v + 2*t + 20 = -41. Let k = v + j. Is k a composite number?
True
Suppose 4*n - 5*b - 817 = -0*b, -612 = -3*n + 3*b. Is n/3 + 12/(-18) prime?
True
Let o(q) = -q**2 - 7*q + 4. Let t = 3 - 10. Let h be o(t). Is (47/h)/(7/28) a composite number?
False
Suppose -7 = -2*p - 1. Let u be (-8)/((-39)/12 + p). Suppose 2*i = 8, 0 = 2*w + 3*i - 6*i - u. Is w a composite number?
True
Let b(r) = r**2 + 2*r - 1. Let w(k) = -2*k**2 - k. Let o be w(1). Is b(o) composite?
False
Suppose 0*a - 1455 = 5*a. Let q = 512 + a. Is q a prime number?
False
Suppose 4*h - 3*c - 442 = 0, 5*h = -9*c + 4*c + 535. Let f = h - 30. Is f composite?
False
Let t = 10 - 7. Suppose 0 = 3*o + 7*s - 3*s - 650, 0 = 5*o - 3*s - 1064. Suppose -o = -t*x - 61. Is x a prime number?
False
Suppose x - 4 = -x. Suppose -w - w + 149 = 3*h, -5*w = -x*h - 401. Is w prime?
True
Let k(j) = 3*j**2 + 27*j + 59. Is k(-18) composite?
True
Let m(z) be the second derivative of z**4/3 + z**3/2 + z**2/2 - z. Suppose 13*l = 5 + 34. Is m(l) composite?
True
Let t = -2 - -1. Let l(m) = -3*m**3 - 2*m**2 - 2*m - 1. Let y be l(t). Suppose -4*f = -s + 38, y*f - 71 = -s - 21. Is s composite?
True
Let v = 1963 + -1382. Is v composite?
True
Let i = -6 - -10. Let s(n) = 2*n - 4. Let m be s(i). Suppose -5*u = -m*u - 37. Is u a prime number?
True
Let j = 2 - 7. Let k be (-1997)/5 - 2/j. Is 2/4 - k/6 prime?
True
Let d = 2657 + -1750. Is d a composite number?
False
Let q(u) = -u**3 + 8*u**2 - u - 2. Let i be 0 + -5 - (-2)/(-2). Let l be q(i). Suppose -m = -3*r - 37 - 90, 4*m - r = l. Is m composite?
False
Let b(c) be the first derivative of -3*c**2 - 9*c + 3. Is b(-7) composite?
True
Suppose -47 = -2*q + h, -4*q + 3*h - 145 = -9*q. Is q prime?
False
Let k(z) = z - 3. Let d be k(8). Suppose -x + 6*x - 249 = -4*q, -d*q - 73 = -x. Is x prime?
True
Is (-1676)/(-5) - 17/85 a composite number?
True
Is (1 + 0/(-1))/((-6)/(-1614)) a prime number?
True
Let m(c) = -c. Let d be m(3). Let g = d + 18. Is g composite?
True
Suppose t + 2*r = -1, -2*r = -4*t + 13 + 3. Suppose -b = 3*u - 16, 4*u = t + 1. Is b composite?
False
Let q be 6/3 - (-23)/1. Suppose q = -n + 6*n. Suppose -150 = n*t - 605. Is t composite?
True
Suppose 3*h = -s + 329, -h - 84 - 241 = -s. Is (-1)/6*-3*s a prime number?
True
Suppose -o = d - 3, o - 5*d + 27 = -0*d. Let n(f) be the second derivative of -19*f**5/20 + f**4/6 - f**3/2 - 3*f**2/2 + f. Is n(o) a composite number?
False
Suppose -4*f = f. Suppose 5*r + 4*x - 4 = 0, 5*r - 4*x = -f*x - 4. Suppose r = h - 19. Is h a prime number?
True
Let f = 990 + -433. Is f a composite number?
False
Let x = 33 - -12. Suppose -3*j - 5*y = 4, y = -5*j - 4*y - 20. Let l = j + x. Is l composite?
False
Let c(b) = 4*b**2 + 2*b - 1. Let w be 1/(27/(-15) - -2). Let q be (-1 + 2)*(w - 3). Is c(q) composite?
False
Suppose 4*f = -f - v, 4*v = 5*f - 25. Is f/((0 + -4)/(-764)) a prime number?
True
Suppose 0 = 5*y - 0 + 30. Is 3016/32 + y/(-8) a prime number?
False
Suppose 0 = -8*b + 3*b + 1130. Let y = b - 15. Is y a composite number?
False
Let w = 1 - 0. Suppose 0 = -4*o + w + 11, -2*i = 5*o - 27. Let f(v) = 4*v - 1. Is f(i) composite?
False
Let m(d) = 272*d**2 + 6*d + 5. Is m(-2) prime?
False
Let n(b) = -19*b + 2. Let v be n(-8). Let p be (0 + v)/(-2)*-1. Suppose -z + 0*z = -p. Is z composite?
True
Let w(p) = 20*p**2 + 2. Let b be w(-3). Let q = 295 - b. Is q a prime number?
True
Let l(r) = -r. Let o(u) = u**2 + u - 1. Let y be o(0). Let i(n) = 8*n - 1. Let b(j) = y*i(j) - 6*l(j). Is b(-5) a composite number?
False
Let s = 18 + -9. Suppose 0*c - 3*c + s = 0. Is (-3)/c + 2 - -12 prime?
True
Let b(r) = -r**3 - 2*r**2 - 6*r - 3. Let w(o) = -4*o**3 - o + 1. Let i be w(1). Let d be (i/3)/((-5)/(-15)). Is b(d) prime?
True
Suppose -2*n - 3182 = -4*v, -2*v + 3*n + 1784 = 199. Is v prime?
True
Suppose -6*n + 3*n = -1659. Is n a prime number?
False
Let k = -2596 + 3735. Is k composite?
True
Let a(r) = -25*r. Let m be a(-4). Let b = m - -61. Is b prime?
False
Let k(w) = -w**2 + 4*w - 1. Let f be k(3). Suppose x = f*x. Suppose x*b = b - 65. Is b a prime number?
False
Suppose -2*j = -2*s - 510, -j + 5*s = -21 - 218. Is j composite?
True
Suppose 26310 - 110025 = -15*p. Is p a composite number?
False
Let d(v) = 27*v + 5. Let w = -7 - -11. Is d(w) a prime number?
True
Let d be 13 - ((-3)/(-3))/(-1). Suppose 4*g - d = -2*y, -y + 3*g + 15 + 7 = 0. Is y composite?
False
Let r be (-6)/(-10) - 797/(-5). Let i = r + -3. Is i a composite number?
False
Let x(w) = 5*w**2 - 2*w + 6. Is x(-4) a prime number?
False
Let y = -5 - -7. Suppose -4 = 4*z, q + 5*z = y*z. Is q composite?
False
Let f(p) = p - 7. Let i be f(6). Is 2 + 35*(-1)/i a composite number?
False
Let f = -116 - -28. Suppose 4*v + v - 5*k = -730, 0 = -5*v - 5*k - 680. Let r = f - v. Is r composite?
False
Suppose 2*o + 3*o = 5. Suppose 5*x - o = -11, 0 = 3*k - 3*x - 603. Is k composite?
False
Suppose 0 = 3*a + 3*z - 111, 37 = 3*a - 2*a - 4*z. Is a a prime number?
True
Let d = 0 - -5. Suppose -63 = -d*o - 2*x, -4*o - 2*x = -37 - 13. Is o a composite number?
False
Let z(c) = c**3 + 14*c**2 - 2*c + 5. Is z(-14) prime?
False
Suppose -17 = -5*j + 3. Suppose -3*n = -4*a + 556, -2*n - 556 = -0*a - j*a. Is a composite?
False
Let t(a) = a**2 + 4*a + 1. Let m be t(-3). Let q(h) = -5*h**3 + h**2 - 2*h - 1. Is q(m) composite?
False
Let w = -9 + 3. Is 62*(2 + w/4) composite?
False
Is 2374/6 - (-4)/(-6) a composite number?
True
Suppose -396 = -4*b + b. Suppose -2*r + 6*r = b. Is r a prime number?
False
Let i(g) = g**2 - 5*g + 1. Let c be i(7). Let w = c + -7. Let n = w + -5. Is n a composite number?
False
Suppose -4*a = -r - 24, -3*a + 2*a - 5*r = 15. Suppose 5 + a = 2*n. Suppose -n*q + 4*d + 8 = -155, 122 = 4*q + d. Is q prime?
True
Suppose 2*t + 3*j = j + 278, 4*t - 526 = 2*j. Is t prime?
False
Suppose -k = 5*d - 0*k - 4390, 2*d - 3*k - 1739 = 0. Is d a prime number?
True
Suppose -8*y + 1468 = -4*y. Is y a composite number?
False
Suppose -12 = -u - 3*u. Suppose f - 6 + u = 0. Let c = f + 16. Is c a composite number?
False
Let a(d) = 4*d**3 + 2*d**2 - 2*d + 1. Let x be a(1). Is 94/4 - x/10 prime?
True
Suppose 10 + 5 = 3*u. Let w = u + -5. Suppose -x + 4*g = -15, w*x - 130 = -4*x + 2*g. Is x prime?
False
Let u = -7 + 9. Suppose 5*o + 32 = u*w + 2*w, -5*w + 23 = -2*o. Suppose -3*k + 2*k + w = 0. Is k prime?
True
Let o = 119 + -221. Is o/3*(-3)/2 prime?
False
Let s = 4 - 13. Let l = 16 + s. Let a(w) = 6*w - 5. Is a(l) prime?
True
Let v = -9 + 8. Is (115 + 0)/(v + 2) composite?
True
Let m(x) = 79*x. Let v(j) = j**2 + 10*j + 10. Let a be v(-9). Is m(a) a composite number?
False
Suppose p + 132 = -4*u, 57 = -2*p - 2*u - 237. Let s = p - -321. Is s a prime number?
False
Suppose 2*w = -2*d - 39 - 15, -3*w = -5*d - 159. Is (-568)/(-10) - 6/d a prime number?
False
Let n = -7 - -9. Suppose -3*w = -j + 164, 0 = j + n*w + 3*w - 124. Is j prime?
True
Let d(s) = -2*s**2 + 2. Let c be d(-2). Let k(g) = -9*g + 11. Let r(w) = 5*w - 5. Let 